{"id":6,"date":"2020-03-26T13:07:48","date_gmt":"2020-03-26T13:07:48","guid":{"rendered":"https:\/\/sercedlarodaka.pl\/?page_id=6"},"modified":"2023-10-26T09:55:41","modified_gmt":"2023-10-26T07:55:41","slug":"serce-dla-rodaka","status":"publish","type":"page","link":"https:\/\/kwestujemy.pl\/","title":{"rendered":"Kwesta &#8222;Serce dla Kres\u00f3w&#8221;"},"content":{"rendered":"<div id=\"pl-6\"  class=\"panel-layout\" ><div id=\"pg-6-0\"  class=\"panel-grid panel-has-style\" ><div class=\"panel-row-style panel-row-style-for-6-0\" ><div id=\"pgc-6-0-0\"  class=\"panel-grid-cell panel-grid-cell-empty\" ><\/div><div id=\"pgc-6-0-1\"  class=\"panel-grid-cell panel-grid-cell-mobile-last\" ><div id=\"panel-6-0-1-0\" class=\"so-panel widget widget_black-studio-tinymce widget_black_studio_tinymce panel-first-child panel-last-child\" data-index=\"0\" ><div class=\"panel-widget-style panel-widget-style-for-6-0-1-0\" ><div class=\"textwidget\"><h3>\u00a0<\/h3>\n<h3 class=\"has-text-align-center\" style=\"text-align: center;\">Og\u00f3lnopolska zbi\u00f3rka na rzecz ochrony polskiego dziedzictwa kulturowego za granic\u0105<\/h3>\n<p style=\"text-align: left;\"><!-- \/wp:paragraph --><\/p>\n<p><!-- wp:paragraph {\"align\":\"center\"} --><\/p>\n<h5 class=\"has-text-align-center\" style=\"text-align: center;\">prowadzona przez Fundacj\u0119 Dziedzictwo Kresowe,<br \/>posiadaj\u0105c\u0105 status Organizacji Po\u017cytku Publicznego<\/h5>\n<p style=\"text-align: center;\"><!-- \/wp:paragraph --><\/p>\n<p><!-- wp:paragraph {\"align\":\"center\"} --><\/p>\n<p>&nbsp;<\/p>\n<\/div><\/div><\/div><\/div><div id=\"pgc-6-0-2\"  class=\"panel-grid-cell panel-grid-cell-empty\" ><\/div><\/div><\/div><div id=\"pg-6-1\"  class=\"panel-grid panel-no-style\" ><div id=\"pgc-6-1-0\"  class=\"panel-grid-cell\" ><div id=\"panel-6-1-0-0\" class=\"so-panel widget panel-first-child panel-last-child\" data-index=\"1\" ><\/div><\/div><\/div><div id=\"pg-6-2\"  class=\"panel-grid panel-has-style\" ><div class=\"panel-row-style panel-row-style-for-6-2\" ><div id=\"pgc-6-2-0\"  class=\"panel-grid-cell panel-grid-cell-empty\" ><\/div><div id=\"pgc-6-2-1\"  class=\"panel-grid-cell panel-grid-cell-mobile-last\" ><div id=\"panel-6-2-1-0\" class=\"so-panel widget widget_black-studio-tinymce widget_black_studio_tinymce panel-first-child\" data-index=\"2\" ><div class=\"panel-widget-style panel-widget-style-for-6-2-1-0\" ><div class=\"textwidget\"><p class=\"has-text-align-center\" style=\"margin-bottom: 12pt; text-align: justify;\">Od wielu lat w dniach 1-2 listopada, w Dniu Wszystkich \u015awi\u0119tych oraz Zadusznym, przy wsparciu szeregu organizacji pozarz\u0105dowych oraz \u015brodowisk szkolnych i akademickich, organizujemy na terenie cmentarzy w ca\u0142ej Polsce dobroczynn\u0105 og\u00f3lnopolsk\u0105 kwest\u0119 pn. \u201eSerce dla Kres\u00f3w\u201d. Zgromadzone \u015brodki s\u0105 wykorzystywane na renowacj\u0119 polskich grob\u00f3w oraz innych obiekt\u00f3w stanowi\u0105cych polskie dziedzictwo kulturowe na Kresach.<\/p>\n<p class=\"has-text-align-center\" style=\"margin-bottom: 12pt; text-align: justify;\">Swoj\u0105 opiek\u0105 od kilku lat otaczamy Cmentarz Janowski we Lwowie, nekropoli\u0119 przez wiele lat nies\u0142usznie zapomnian\u0105 obok Cmentarza \u0141yczakowskiego.<\/p>\n<\/div><\/div><\/div><div id=\"panel-6-2-1-1\" class=\"so-panel widget widget_black-studio-tinymce widget_black_studio_tinymce\" data-index=\"3\" ><div class=\"panel-widget-style panel-widget-style-for-6-2-1-1\" ><div class=\"textwidget\"><p class=\"has-text-align-center\" style=\"text-align: justify;\">We wsp\u00f3\u0142pracy z konserwatorami z Akademii Sztuk Pi\u0119knych w Warszawie odrestaurowali\u015bmy szereg polskich grob\u00f3w na Cmentarzu \u0141yczakowskim oraz Janowskim we Lwowie. Przy udziale miejscowej polskoj\u0119zycznej m\u0142odzie\u017cy w ostatnich 3 latach uporz\u0105dkowali\u015bmy \u0142\u0105cznie ponad 250 polskich grob\u00f3w.<\/p>\n<\/div><\/div><\/div><div id=\"panel-6-2-1-2\" class=\"so-panel widget widget_black-studio-tinymce widget_black_studio_tinymce panel-last-child\" data-index=\"4\" ><div class=\"panel-widget-style panel-widget-style-for-6-2-1-2\" ><div class=\"textwidget\"><p style=\"text-align: justify;\">W odpowiedzi na liczne apele os\u00f3b, kt\u00f3rym pandemia koronawirusa wci\u0105\u017c uniemo\u017cliwia swobodny powr\u00f3t do aktywnego \u017cycia i z troski o swoje zdrowie w dniu 1 listopada br. pozostan\u0105 w domu, a kt\u00f3rzy z wielkim sercem zawsze anga\u017cowali si\u0119 i wspierali nasz\u0105 kwest\u0119, utworzyli\u015bmy ten portal - miejsce, gdzie mo\u017cna wesprze\u0107 coroczn\u0105 akcj\u0119 naszej Fundacji i wraz z setkami naszych darczy\u0144c\u00f3w i wolontariuszy w ca\u0142ej Polsce uczestniczy\u0107 w tej pi\u0119knej akcji ,,Serce dla Kres\u00f3w\".<\/p>\n<\/div><\/div><\/div><\/div><div id=\"pgc-6-2-2\"  class=\"panel-grid-cell panel-grid-cell-empty\" ><\/div><\/div><\/div><div id=\"pg-6-3\"  class=\"panel-grid panel-has-style\" ><div class=\"panel-row-style panel-row-style-for-6-3\" ><div id=\"pgc-6-3-0\"  class=\"panel-grid-cell panel-grid-cell-empty\" ><\/div><div id=\"pgc-6-3-1\"  class=\"panel-grid-cell panel-grid-cell-empty panel-grid-cell-mobile-last\" ><\/div><div id=\"pgc-6-3-2\"  class=\"panel-grid-cell panel-grid-cell-empty\" ><\/div><\/div><\/div><div id=\"pg-6-4\"  class=\"panel-grid panel-has-style\" ><div id=\"wplacam\" class=\"panel-row-style panel-row-style-for-6-4\" ><div id=\"pgc-6-4-0\"  class=\"panel-grid-cell panel-grid-cell-empty\" ><\/div><\/div><\/div><div id=\"pg-6-5\"  class=\"panel-grid panel-has-style\" ><div class=\"panel-row-style panel-row-style-for-6-5\" ><div id=\"pgc-6-5-0\"  class=\"panel-grid-cell panel-grid-cell-empty\" ><\/div><div id=\"pgc-6-5-1\"  class=\"panel-grid-cell panel-grid-cell-mobile-last\" ><div id=\"panel-6-5-1-0\" class=\"so-panel widget widget_black-studio-tinymce widget_black_studio_tinymce panel-first-child panel-last-child\" data-index=\"5\" ><div class=\"textwidget\"><div class=\"fmp-protect-box\" data-post-id=\"6\" data-service-id=\"1\"><div class=\"fmp-loader\"><\/div><div class=\"fmp-status\" data-post-id=\"6\" data-service-id=\"1\"><\/div><form action=\"https:\/\/secure.payu.com\/api\/v2_1\/orders\" method=\"post\"><input type=\"text\" class=\"fmp-donation\" data-post-id=\"6\" data-service-id=\"1\" placeholder=\"Podaj kwot\u0119 darowizny\" value=\"\"><input type=\"text\" class=\"fmp-code\" data-post-id=\"6\" data-service-id=\"1\" placeholder=\"Podaj email\" data-type=\"email\"> <span class=\"fmp-submit\" data-post-id=\"6\" data-service-id=\"1\">WP\u0141ACAM DAROWIZN\u0118<\/span>\r\n<\/form><\/div>\n<hr \/>\n<h5 style=\"text-align: center;\"><span style=\"font-size: 12pt;\">Zadbajmy o pami\u0119\u0107 naszych przodk\u00f3w...<\/span><\/h5>\n<h5 style=\"text-align: center;\"><span style=\"font-size: 12pt;\">Dba\u0142o\u015b\u0107 o spu\u015bcizn\u0119 po przodkach to wyraz szacunku dla historii i wsp\u00f3lnoty narodowej.<\/span><\/h5>\n<p>&nbsp;<\/p>\n<\/div><\/div><\/div><div id=\"pgc-6-5-2\"  class=\"panel-grid-cell panel-grid-cell-empty\" ><\/div><\/div><\/div><div id=\"pg-6-6\"  class=\"panel-grid panel-has-style\" ><div class=\"panel-row-style panel-row-style-for-6-6\" ><div id=\"pgc-6-6-0\"  class=\"panel-grid-cell panel-grid-cell-empty\" ><\/div><div id=\"pgc-6-6-1\"  class=\"panel-grid-cell panel-grid-cell-mobile-last\" ><div id=\"panel-6-6-1-0\" class=\"so-panel widget panel-first-child panel-last-child\" data-index=\"6\" ><\/div><\/div><div id=\"pgc-6-6-2\"  class=\"panel-grid-cell panel-grid-cell-empty\" ><\/div><\/div><\/div><div id=\"pg-6-7\"  class=\"panel-grid panel-no-style\" ><div id=\"pgc-6-7-0\"  class=\"panel-grid-cell panel-grid-cell-empty\" ><\/div><div id=\"pgc-6-7-1\"  class=\"panel-grid-cell panel-grid-cell-mobile-last\" ><div id=\"panel-6-7-1-0\" class=\"so-panel widget widget_black-studio-tinymce widget_black_studio_tinymce panel-first-child panel-last-child\" data-index=\"7\" ><div class=\"panel-widget-style panel-widget-style-for-6-7-1-0\" ><div class=\"textwidget\"><p>&nbsp;<\/p>\n<p style=\"text-align: center;\"><a href=\"http:\/\/kresowe.pl\" target=\"_blank\" rel=\"noopener\"><img loading=\"lazy\" decoding=\"async\" class=\"aligncenter wp-image-101 size-full\" src=\"http:\/\/kwestujemy.pl\/wp-content\/uploads\/2020\/03\/FDK-Logo.png\" alt=\"Logo fundacji\" width=\"288\" height=\"93\" \/><\/a>ul. Nowogrodzka 31<br \/>00-511 Warszawa<br \/>tel. 22 297-12-62<br \/><a href=\"mailto:biuro@kresowe.pl\">biuro@kresowe.pl<\/a><\/p>\n<\/div><\/div><\/div><\/div><div id=\"pgc-6-7-2\"  class=\"panel-grid-cell panel-grid-cell-empty\" ><\/div><\/div><\/div>","protected":false},"excerpt":{"rendered":"<p>\u00a0 Og\u00f3lnopolska zbi\u00f3rka na rzecz ochrony polskiego dziedzictwa kulturowego za granic\u0105 prowadzona przez Fundacj\u0119 Dziedzictwo Kresowe,posiadaj\u0105c\u0105 status Organizacji Po\u017cytku Publicznego &nbsp;<\/p>\n","protected":false},"author":1,"featured_media":488,"parent":0,"menu_order":0,"comment_status":"closed","ping_status":"closed","template":"","meta":{"kt_blocks_editor_width":"","footnotes":""},"yoast_head":"<!-- This site is optimized with the Yoast SEO plugin v21.9.1 - https:\/\/yoast.com\/wordpress\/plugins\/seo\/ -->\n<title>Kwesta &quot;Serce dla Kres\u00f3w&quot;<\/title>\n<meta name=\"description\" content=\"Cmentarze na Kresach Og\u00f3lnopolska zbi\u00f3rka na rzecz ochrony polskiego dziedzictwa kulturowego za granic\u0105Prowadzona przez Fundacj\u0119 Dziedzictwo Kresowe\" \/>\n<meta name=\"robots\" content=\"index, follow, max-snippet:-1, max-image-preview:large, max-video-preview:-1\" \/>\n<link rel=\"canonical\" href=\"http:\/\/kwestujemy.pl\/\" \/>\n<meta property=\"og:locale\" content=\"pl_PL\" \/>\n<meta property=\"og:type\" content=\"article\" \/>\n<meta property=\"og:title\" content=\"Serce dla Rodaka\" \/>\n<meta property=\"og:description\" content=\"Wsparcie dla rodak\u00f3w na Wschodzie.\" \/>\n<meta property=\"og:url\" content=\"http:\/\/kwestujemy.pl\/\" \/>\n<meta property=\"og:site_name\" content=\"Kwesta\" \/>\n<meta property=\"article:modified_time\" content=\"2023-10-26T07:55:41+00:00\" \/>\n<meta property=\"og:image\" content=\"http:\/\/kwestujemy.pl\/wp-content\/uploads\/2020\/11\/kwestujemy_banner_2560x500_6.jpg\" \/>\n\t<meta property=\"og:image:width\" content=\"2560\" \/>\n\t<meta property=\"og:image:height\" content=\"500\" \/>\n\t<meta property=\"og:image:type\" content=\"image\/jpeg\" \/>\n<meta name=\"twitter:card\" content=\"summary_large_image\" \/>\n<meta name=\"twitter:label1\" content=\"Szacowany czas czytania\" \/>\n\t<meta name=\"twitter:data1\" content=\"2 minuty\" \/>\n<script type=\"application\/ld+json\" class=\"yoast-schema-graph\">{\"@context\":\"https:\/\/schema.org\",\"@graph\":[{\"@type\":\"WebPage\",\"@id\":\"http:\/\/kwestujemy.pl\/\",\"url\":\"http:\/\/kwestujemy.pl\/\",\"name\":\"Kwesta \\\"Serce dla Kres\u00f3w\\\"\",\"isPartOf\":{\"@id\":\"http:\/\/kwestujemy.pl\/#website\"},\"datePublished\":\"2020-03-26T13:07:48+00:00\",\"dateModified\":\"2023-10-26T07:55:41+00:00\",\"description\":\"Cmentarze na Kresach Og\u00f3lnopolska zbi\u00f3rka na rzecz ochrony polskiego dziedzictwa kulturowego za granic\u0105Prowadzona przez Fundacj\u0119 Dziedzictwo Kresowe\",\"breadcrumb\":{\"@id\":\"http:\/\/kwestujemy.pl\/#breadcrumb\"},\"inLanguage\":\"pl-PL\",\"potentialAction\":[{\"@type\":\"ReadAction\",\"target\":[\"http:\/\/kwestujemy.pl\/\"]}]},{\"@type\":\"BreadcrumbList\",\"@id\":\"http:\/\/kwestujemy.pl\/#breadcrumb\",\"itemListElement\":[{\"@type\":\"ListItem\",\"position\":1,\"name\":\"Strona g\u0142\u00f3wna\",\"item\":\"http:\/\/kwestujemy.pl\/\"},{\"@type\":\"ListItem\",\"position\":2,\"name\":\"Kwesta &#8222;Serce dla Kres\u00f3w&#8221;\"}]},{\"@type\":\"WebSite\",\"@id\":\"http:\/\/kwestujemy.pl\/#website\",\"url\":\"http:\/\/kwestujemy.pl\/\",\"name\":\"Kwesta\",\"description\":\"&quot;Serce dla Kres\u00f3w&quot;\",\"potentialAction\":[{\"@type\":\"SearchAction\",\"target\":{\"@type\":\"EntryPoint\",\"urlTemplate\":\"http:\/\/kwestujemy.pl\/?s={search_term_string}\"},\"query-input\":\"required name=search_term_string\"}],\"inLanguage\":\"pl-PL\"}]}<\/script>\n<!-- \/ Yoast SEO plugin. -->","yoast_head_json":{"title":"Kwesta \"Serce dla Kres\u00f3w\"","description":"Cmentarze na Kresach Og\u00f3lnopolska zbi\u00f3rka na rzecz ochrony polskiego dziedzictwa kulturowego za granic\u0105Prowadzona przez Fundacj\u0119 Dziedzictwo Kresowe","robots":{"index":"index","follow":"follow","max-snippet":"max-snippet:-1","max-image-preview":"max-image-preview:large","max-video-preview":"max-video-preview:-1"},"canonical":"http:\/\/kwestujemy.pl\/","og_locale":"pl_PL","og_type":"article","og_title":"Serce dla Rodaka","og_description":"Wsparcie dla rodak\u00f3w na Wschodzie.","og_url":"http:\/\/kwestujemy.pl\/","og_site_name":"Kwesta","article_modified_time":"2023-10-26T07:55:41+00:00","og_image":[{"width":2560,"height":500,"url":"http:\/\/kwestujemy.pl\/wp-content\/uploads\/2020\/11\/kwestujemy_banner_2560x500_6.jpg","type":"image\/jpeg"}],"twitter_card":"summary_large_image","twitter_misc":{"Szacowany czas czytania":"2 minuty"},"schema":{"@context":"https:\/\/schema.org","@graph":[{"@type":"WebPage","@id":"http:\/\/kwestujemy.pl\/","url":"http:\/\/kwestujemy.pl\/","name":"Kwesta \"Serce dla Kres\u00f3w\"","isPartOf":{"@id":"http:\/\/kwestujemy.pl\/#website"},"datePublished":"2020-03-26T13:07:48+00:00","dateModified":"2023-10-26T07:55:41+00:00","description":"Cmentarze na Kresach Og\u00f3lnopolska zbi\u00f3rka na rzecz ochrony polskiego dziedzictwa kulturowego za granic\u0105Prowadzona przez Fundacj\u0119 Dziedzictwo Kresowe","breadcrumb":{"@id":"http:\/\/kwestujemy.pl\/#breadcrumb"},"inLanguage":"pl-PL","potentialAction":[{"@type":"ReadAction","target":["http:\/\/kwestujemy.pl\/"]}]},{"@type":"BreadcrumbList","@id":"http:\/\/kwestujemy.pl\/#breadcrumb","itemListElement":[{"@type":"ListItem","position":1,"name":"Strona g\u0142\u00f3wna","item":"http:\/\/kwestujemy.pl\/"},{"@type":"ListItem","position":2,"name":"Kwesta &#8222;Serce dla Kres\u00f3w&#8221;"}]},{"@type":"WebSite","@id":"http:\/\/kwestujemy.pl\/#website","url":"http:\/\/kwestujemy.pl\/","name":"Kwesta","description":"&quot;Serce dla Kres\u00f3w&quot;","potentialAction":[{"@type":"SearchAction","target":{"@type":"EntryPoint","urlTemplate":"http:\/\/kwestujemy.pl\/?s={search_term_string}"},"query-input":"required name=search_term_string"}],"inLanguage":"pl-PL"}]}},"jetpack_sharing_enabled":true,"_links":{"self":[{"href":"https:\/\/kwestujemy.pl\/index.php?rest_route=\/wp\/v2\/pages\/6"}],"collection":[{"href":"https:\/\/kwestujemy.pl\/index.php?rest_route=\/wp\/v2\/pages"}],"about":[{"href":"https:\/\/kwestujemy.pl\/index.php?rest_route=\/wp\/v2\/types\/page"}],"author":[{"embeddable":true,"href":"https:\/\/kwestujemy.pl\/index.php?rest_route=\/wp\/v2\/users\/1"}],"replies":[{"embeddable":true,"href":"https:\/\/kwestujemy.pl\/index.php?rest_route=%2Fwp%2Fv2%2Fcomments&post=6"}],"version-history":[{"count":416,"href":"https:\/\/kwestujemy.pl\/index.php?rest_route=\/wp\/v2\/pages\/6\/revisions"}],"predecessor-version":[{"id":521,"href":"https:\/\/kwestujemy.pl\/index.php?rest_route=\/wp\/v2\/pages\/6\/revisions\/521"}],"wp:featuredmedia":[{"embeddable":true,"href":"https:\/\/kwestujemy.pl\/index.php?rest_route=\/wp\/v2\/media\/488"}],"wp:attachment":[{"href":"https:\/\/kwestujemy.pl\/index.php?rest_route=%2Fwp%2Fv2%2Fmedia&parent=6"}],"curies":[{"name":"wp","href":"https:\/\/api.w.org\/{rel}","templated":true}]}}